{"version":"1.0","provider_name":"Innou","provider_url":"https:\/\/innou.eu\/en","author_name":"admin","author_url":"https:\/\/innou.eu\/en\/author\/adrianrl154\/","title":"C\u00e1liz de la Bas\u00edlica de la Sagrada Familia - Innou","type":"rich","width":600,"height":338,"html":"<blockquote class=\"wp-embedded-content\" data-secret=\"j7CbtXkyim\"><a href=\"https:\/\/innou.eu\/en\/caliz-de-la-basilica-de-la-sagrada-familia\/\">Chalice of the Basilica of the Sagrada Familia<\/a><\/blockquote><iframe sandbox=\"allow-scripts\" security=\"restricted\" src=\"https:\/\/innou.eu\/en\/caliz-de-la-basilica-de-la-sagrada-familia\/embed\/#?secret=j7CbtXkyim\" width=\"600\" height=\"338\" title=\"\u201cChalice of the Basilica of the Sagrada Familia\u201d \u2014 Innou\" data-secret=\"j7CbtXkyim\" frameborder=\"0\" marginwidth=\"0\" marginheight=\"0\" scrolling=\"no\" class=\"wp-embedded-content\"><\/iframe><script>\n\/*! This file is auto-generated *\/\n!function(d,l){\"use strict\";l.querySelector&&d.addEventListener&&\"undefined\"!=typeof URL&&(d.wp=d.wp||{},d.wp.receiveEmbedMessage||(d.wp.receiveEmbedMessage=function(e){var t=e.data;if((t||t.secret||t.message||t.value)&&!\/[^a-zA-Z0-9]\/.test(t.secret)){for(var s,r,n,a=l.querySelectorAll('iframe[data-secret=\"'+t.secret+'\"]'),o=l.querySelectorAll('blockquote[data-secret=\"'+t.secret+'\"]'),c=new RegExp(\"^https?:$\",\"i\"),i=0;i<o.length;i++)o[i].style.display=\"none\";for(i=0;i<a.length;i++)s=a[i],e.source===s.contentWindow&&(s.removeAttribute(\"style\"),\"height\"===t.message?(1e3<(r=parseInt(t.value,10))?r=1e3:~~r<200&&(r=200),s.height=r):\"link\"===t.message&&(r=new URL(s.getAttribute(\"src\")),n=new URL(t.value),c.test(n.protocol))&&n.host===r.host&&l.activeElement===s&&(d.top.location.href=t.value))}},d.addEventListener(\"message\",d.wp.receiveEmbedMessage,!1),l.addEventListener(\"DOMContentLoaded\",function(){for(var e,t,s=l.querySelectorAll(\"iframe.wp-embedded-content\"),r=0;r<s.length;r++)(t=(e=s[r]).getAttribute(\"data-secret\"))||(t=Math.random().toString(36).substring(2,12),e.src+=\"#?secret=\"+t,e.setAttribute(\"data-secret\",t)),e.contentWindow.postMessage({message:\"ready\",secret:t},\"*\")},!1)))}(window,document);\n\/\/# sourceURL=https:\/\/innou.eu\/wp-includes\/js\/wp-embed.min.js\n<\/script>","thumbnail_url":"https:\/\/innou.eu\/wp-content\/uploads\/2024\/08\/20170329-SF1.1281-e1607600713819-700x419-1.jpg","thumbnail_width":700,"thumbnail_height":419,"description":"Colaboraci\u00f3n con Capdevila Joiers en el dise\u00f1o y elaboraci\u00f3n del nuevo c\u00e1liz y patena para la Bas\u00edlica de la Sagrada Familia de Barcelona. Dise\u00f1o de formas simples inspirado en el simbolismo modernista t\u00edpico de las creaciones de Gaud\u00ed, elaborado en un solo cuerpo de plata esmerilada rematado con un contorno horizontal de plata pulida hacia&hellip;&nbsp;"}

Cáliz de la Basílica de la Sagrada Familia - Innou

Colaboración con Capdevila Joiers en el diseño y elaboración del nuevo cáliz y patena para la Basílica de la Sagrada Familia de Barcelona. Diseño de formas simples inspirado en el simbolismo modernista típico de las creaciones de Gaudí, elaborado en un solo cuerpo de plata esmerilada rematado con un contorno horizontal de plata pulida hacia&hellip;&nbsp;
